 What is the hundreds digit of a(y)?
1
Suppose 3*t = o - 8, -4*o + 4 = o + 3*t. Suppose -12*l = -7*l - o*s - 865, 0 = 5*l + 2*s - 845. What is the tens digit of l?
7
Suppose -25 + 90 = 5*n. Suppose n*s - 7*s = 1500. Suppose 5*x - s = -45. What is the tens digit of x?
4
Suppose 68 = -3*z - n, 5*z + 65 = -4*n - 53. Let y = z - -38. What is the tens digit of y?
1
Let w be (-4)/2 - (0 + -74). Let a be ((-3)/9)/((-4)/w). Suppose -8*q = -a*q - 72. What is the units digit of q?
6
Let l(y) = 2*y**2 + 18*y - 31. Let i(b) = -b**2 - 9*b + 15. Let a(o) = 7*i(o) + 4*l(o). Let g = 26 - 39. What is the tens digit of a(g)?
3
Let r be 111*(-8)/(-10)*(-525)/35. What is the tens digit of (-4)/(-14) - (-2 + r/42)?
3
Let w be 2/4 - 81/18. Let a(t) be the first derivative of t**4/4 + 2*t**3 + 2*t**2 + t + 3. What is the units digit of a(w)?
7
Let m = 2222 + -1578. What is the hundreds digit of m?
6
Let y(o) = 41*o**3 - o**2 - 10*o + 14. What is the units digit of y(4)?
2
Suppose -12330 = -17*o - 90. What is the hundreds digit of o?
7
Suppose 189 = 3*m - 3*z, 5*m + 4*z - 351 = -0*m. Let c = 132 - m. What is the units digit of c?
5
Suppose 252 = 4*w + 3*i, w = -i - 0*i + 64. Suppose j - w = -18. What is the units digit of j?
2
Let z = -124 + 116. Suppose -2*c - 5 + 47 = 0. Let o = c - z. What is the tens digit of o?
2
Suppose 4*v = 3*z - 8*z - 56, -3*z + 5*v - 41 = 0. What is the units digit of (-189)/(-12) + (-1 + -2)/z?
6
Let f(l) = 16*l**2 + 13*l + 3. Let v = -74 + 77. What is the tens digit of f(v)?
8
Let p(t) = -58*t. Suppose 6*g = 2*g. Suppose -7*m + 3*m - 4 = g. What is the tens digit of p(m)?
5
Suppose -s + 929 = -4*g, -4*s + 3688 = -3*g + g. What is the tens digit of s?
2
Suppose 4*h - 4*x - 478 = 90, -2*x = h - 154. Let u = 208 - h. What is the units digit of u?
2
Let i(p) = -3*p**3 - p - 1. Let d be i(-1). Let s(q) = 8*q. What is the tens digit of s(d)?
2
Let g be 34/5 - (5/25)/(-1). Suppose 107 + g = 2*y. What is the tens digit of y?
5
Suppose v - 7 = -3. Suppose -v*a = -19 - 1. Suppose -a*c = -0*c - 30. What is the units digit of c?
6
Let z = -27 - -5. Let m = z + 26. What is the units digit of m?
4
Let v(i) = 2*i**2 - 3*i + 2. Let j = 18 + -15. What is the units digit of v(j)?
1
Suppose -2*t - d = 2*d + 218, -t = 5*d + 116. Let o = 72 + t. Let f = o - -35. What is the units digit of f?
1
What is the tens digit of (2/6)/(58/84738)?
8
Let h(q) be the third derivative of -q**5/24 - 17*q**4/24 + 7*q**3/6 - 9*q**2. Let s(z) be the first derivative of h(z). What is the units digit of s(-7)?
8
Suppose 4*c = 1980 + 1660. What is the tens digit of c?
1
Suppose -2*x + 333 = -5335. What is the hundreds digit of x?
8
Let a = 0 + 4. Suppose a*s = -0*s. Suppose 45 = v + 5*r + 12, s = -2*r + 10. What is the units digit of v?
8
Let t = 23 - 2. Let i = t - 3. What is the tens digit of i?
1
What is the hundreds digit of ((-255)/10)/(1/(-90))?
2
Let x(w) = -w**2 + 15*w - 2. Let s(o) = -o**2 + 16*o - 3. Let b(n) = 4*s(n) - 3*x(n). Suppose 2*d = 25*d - 299. What is the tens digit of b(d)?
7
Let p(c) be the second derivative of -13*c**3 - c**2/2 - c. Let x be p(-2). Suppose -2*r + x = n, 97 = 3*r - n - 123. What is the units digit of r?
5
Suppose -5*v - 348 = 2*x, 2*v + 3*x = -v - 207. Let u = -85 - -44. Let w = u - v. What is the units digit of w?
9
Let h be 1/(-3)*-291 + -2. Suppose h + 163 = 3*p. What is the tens digit of p?
8
What is the hundreds digit of (54/21 + -2)/(10/7805)?
4
Suppose p = 3*p - 16. Let v(g) = g**2 + 9*g - 1. Let x(i) = 3*i**2 + 17*i - 3. Let o(m) = 5*v(m) - 2*x(m). What is the tens digit of o(p)?
2
Suppose 6*x - 3*x - 111 = 0. Suppose -75 = -8*n + x. What is the units digit of n?
4
Suppose 0 = v + k, 2*v + 3*v - 2*k = 7. Suppose y = 4*n - 65, y + v - 72 = -4*n. Suppose u = 3*m - 7, -u = -m - 4*m + n. What is the units digit of u?
8
Let b be ((-4)/(-10))/((-4)/(-40)). Suppose 8 = -b*i + 3*i. What is the tens digit of (-438)/i - (-17)/68?
5
Suppose -8*a - s = -2*a - 25586, -4*s = 3*a - 12779. What is the hundreds digit of a?
2
What is the hundreds digit of (3/((-18)/8))/((-38)/24567)?
8
Let q(v) = -46*v + 4. Let w be q(-7). Suppose f - 40 = m, -2*m - w + 117 = -5*f. What is the tens digit of f?
4
Let d(j) be the first derivative of -j**3/3 + 17*j**2/2 + 6*j - 6. Let v be d(9). Suppose 52 = 5*n - v. What is the tens digit of n?
2
Suppose -25*n + 1800 = -17*n. What is the units digit of n?
5
Let x = 386 + 1390. What is the tens digit of x?
7
Let i(j) = 4 - 13 + 3*j - 2*j. Let w be i(13). Suppose v = r + 10, -5*v = -w*r + r - 50. What is the units digit of v?
0
Suppose -4*x + 23 + 574 = -3*l, 4*x - 591 = l. What is the tens digit of x?
4
Let k = -1292 + 2559. Suppose -9*j + k = 88. What is the tens digit of j?
3
Suppose -i - 247 + 1394 = 0. What is the units digit of i?
7
Suppose -40*i + 47*i - 6615 = 0. What is the tens digit of i?
4
Suppose -3*j + 5013 = -2*b, 7*b - 8*b - 6684 = -4*j. What is the hundreds digit of j?
6
Suppose -636*z + 629*z = -10633. What is the thousands digit of z?
1
Let f(q) = 21*q + 24. Suppose -8*z = -26 - 46. What is the hundreds digit of f(z)?
2
Let v = 64 - -25. What is the tens digit of v?
8
Let y = 9 - 3. Let p be (y - 2)/(-2 - -4). Suppose -265 = -5*k - 0*a + 2*a, 125 = p*k + 3*a. What is the tens digit of k?
5
Let b = 17 + -8. Suppose b*j = 4*j + 25. Suppose -i - 3*i + 147 = -5*l, j*i = 2*l + 171. What is the tens digit of i?
3
Let n(h) = 15*h**2 - 15*h + 7. What is the tens digit of n(-8)?
8
Suppose 4*b + 5*c - 152 = 3*b, 3*c + 539 = 4*b. What is the hundreds digit of b?
1
Let q(z) = z**2 + 2*z - 66. What is the thousands digit of q(-36)?
1
Let h = 39 - 51. Let k = h + 85. What is the units digit of k?
3
Let h = 20 + -21. Let s be -1 + h + -3 + 79. Suppose 3*u - s = -11. What is the tens digit of u?
2
Suppose -5*z = -2*x - 36, 9*z + 10 = 4*z. Let t = -16 - x. What is the units digit of t?
7
Suppose 6*t + 333 = 1569. Suppose -3*y - w + 153 = -0*w, 4*y = -2*w + t. What is the tens digit of y?
5
Let a(v) = v**3 - 9*v**2 - v + 13. Let p be a(9). Let h be 1*8/p*17. Let l = -19 + h. What is the units digit of l?
5
Let y be -2*(2 + 44/(-8)). Suppose 4*r + 24 = f - y, -2*r + 1 = 5*f. Let w(b) = b**2 + 3*b - 8. What is the units digit of w(r)?
0
Suppose 2*i - 5*f = 5070, -f = i - 5*f - 2529. What is the thousands digit of i?
2
Let i(w) = -w. Let v be i(-5). Suppose v*y + 2*a = 23, -1 = -4*a + 15. Suppose -t - 2*l = -6 - 6, 4*l - 34 = -y*t. What is the units digit of t?
0
Suppose 5*n - 72 = 3*n. Suppose -f + 0 + n = 0. Suppose -2*c + f = -c. What is the units digit of c?
6
Let k(v) = 6*v - 11. Suppose 0 = 3*l + 2*p - 24, -3*l = p + 5 - 29. What is the units digit of k(l)?
7
Let w(u) = 33*u + 21. Let y be w(19). Suppose 4*v - y = -4*v. What is the tens digit of v?
8
Suppose i + d = -3*i + 4987, 4*i + 5*d - 4999 = 0. What is the thousands digit of i?
1
Suppose -2*g = -3*z + 659, 24 = -z - 5*g + 272. Suppose -1 = -d + 2, -2*h + z = -3*d. What is the tens digit of h?
1
Let m = 0 + 6. Suppose m*x + 440 = 11*x. Let n = x - 46. What is the tens digit of n?
4
What is the units digit of 987/5 - (-36)/60?
8
Let r(u) = 331*u**2 + 11*u - 28. What is the thousands digit of r(2)?
1
Let k(p) = p**3 + 4*p**2 + 37*p - 1. What is the hundreds digit of k(11)?
2
Suppose -3*j - 45 = -3*l, 3*l - 21 = 3*j - 8*j. What is the units digit of (-29)/(-3) + (-8)/l?
9
Let g = 58 + 13. Let l = g + -19. What is the units digit of l?
2
Suppose 17*m + 5*n + 20 = 14*m, 3*n = 4*m + 75. Let p be (-63)/12 + 1/4. Let w = p - m. What is the units digit of w?
0
Suppose 652*k = 650*k + 2396. What is the hundreds digit of k?
1
Suppose -8*x - 10 = -3*x + 5*h, 3*x = -2*h - 11. Let j(f) = -7*f - 3. Let c(y) = 4*y + 1. Let a(l) = -11*c(l) - 6*j(l). What is the units digit of a(x)?
1
Suppose 18*v - 1936 = -658. What is the tens digit of v?
7
What is the tens digit of 568 - 15/5*1/(-1)?
7
Let q = -581 + 1011. What is the tens digit of q?
3
Let i = -15 - -12. Let w be 1 + -3 + 3 - i. Suppose 0*h - 5*u = -2*h + 63, -56 = -w*h - 4*u. What is the units digit of h?
9
Let g(d) be the second derivative of 25*d**3/6 + d**2/2 + 7*d. Let i(w) = -w**2 - 3*w + 5. Let s be i(-4). What is the tens digit of g(s)?
2
Let y(u) = 202*u + 54. What is the hundreds digit of y(1)?
2
What is the ten